ase 5.
-14
Convert 1 (base 11) to base 13.
1
What is 2 (base 10) in base 16?
2
1 (base 16) to base 12
1
1 (base 2) to base 10
1
1 (base 14) to base 12
1
Convert 0 (base 5) to base 3.
0
-11 (base 9) to base 16
-a
What is 39 (base 12) in base 11?
41
-124 (base 6) to base 7
-103
13 (base 14) to base 8
21
What is 110 (base 2) in base 16?
6
What is -6 (base 16) in base 11?
-6
What is 0 (base 16) in base 7?
0
-12 (base 11) to base 10
-13
What is -1 (base 12) in base 15?
-1
-3 (base 16) to base 7
-3
What is 32 (base 15) in base 13?
38
-2 (base 16) to base 5
-2
What is -7 (base 13) in base 9?
-7
5 (base 7) to base 8
5
Convert -18 (base 13) to base 9.
-23
-13 (base 8) to base 15
-b
-1 (base 10) to base 14
-1
31 (base 4) to base 8
15
100010 (base 3) to base 15
116
8 (base 16) to base 13
8
Convert 201 (base 10) to base 2.
11001001
Convert -5b (base 14) to base 5.
-311
What is -12 (base 5) in base 6?
-11
Convert 1 (base 9) to base 11.
1
What is 134 (base 5) in base 7?
62
What is -110 (base 2) in base 12?
-6
14 (base 10) to base 7
20
Convert 1 (base 13) to base 9.
1
Convert 5 (base 6) to base 5.
10
What is 112 (base 3) in base 12?
12
Convert 10100010 (base 2) to base 10.
162
What is -4 (base 12) in base 5?
-4
63 (base 15) to base 4
1131
1 (base 11) to base 9
1
10 (base 11) to base 15
b
Convert 8 (base 14) to base 2.
1000
What is 11 (base 4) in base 2?
101
0 (base 13) to base 14
0
210 (base 7) to base 4
1221
0 (base 15) to base 8
0
Convert 11011 (base 2) to base 10.
27
Convert 33 (base 9) to base 13.
24
What is 252 (base 8) in base 14?
c2
2 (base 7) to base 3
2
Convert -3 (base 10) to base 2.
-11
What is 45 (base 16) in base 13?
54
-101 (base 2) to base 11
-5
Convert -106 (base 9) to base 7.
-153
Convert -6 (base 11) to base 2.
-110
Convert -1101 (base 3) to base 10.
-37
Convert c (base 14) to base 10.
12
What is -25 (base 14) in base 7?
-45
22 (base 11) to base 8
30
Convert 2332 (base 4) to base 2.
10111110
Convert -2 (base 12) to base 16.
-2
13 (base 5) to base 3
22
Convert -6 (base 16) to base 10.
-6
1 (base 6) to base 15
1
What is 53 (base 7) in base 9?
42
153 (base 13) to base 4
3231
275 (base 12) to base 15
1a2
0 (base 9) to base 5
0
Convert 1050 (base 7) to base 15.
1a3
What is 3 (base 5) in base 10?
3
-4 (base 14) to base 9
-4
Convert 10 (base 6) to base 8.
6
-2 (base 8) to base 14
-2
8 (base 13) to base 10
8
Convert 1000 (base 2) to base 14.
8
Convert -154 (base 6) to base 2.
-1000110
-6 (base 16) to base 9
-6
What is 181 (base 9) in base 8?
232
What is -3 (base 16) in base 10?
-3
-10 (base 6) to base 9
-6
What is 110 (base 12) in base 16?
9c
What is -7 (base 11) in base 13?
-7
0 (base 7) to base 16
0
What is -101 (base 6) in base 15?
-27
Convert -4 (base 8) to base 16.
-4
Convert 28 (base 11) to base 4.
132
Convert -8 (base 15) to base 2.
-1000
What is -13 (base 14) in base 4?
-101
-1010100 (base 2) to base 16
-54
What is -5 (base 10) in base 7?
-5
Convert -13 (base 14) to base 5.
-32
-7 (base 12) to base 9
-7
What is 11 (base 8) in base 10?
9
Convert 1121 (base 4) to base 3.
10022
What is -10 (base 5) in base 10?
-5
-2 (base 15) to base 11
-2
Convert 7 (base 12) to base 14.
7
What is 6 (base 15) in base 10?
6
Convert 7 (base 14) to base 5.
12
18 (base 9) to base 2
10001
What is -1001110 (base 2) in base 9?
-86
What is 1a1 (base 12) in base 2?
100001001
What is -1 (base 3) in base 6?
-1
What is -5 (base 11) in base 3?
-12
-1 (base 14) to base 12
-1
Convert 10 (base 3) to base 9.
3
Convert -124 (base 5) to base 2.
-100111
Convert -1 (base 4) to base 8.
-1
Convert a (base 12) to base 8.
12
What is 3 (base 6) in base 15?
3
Convert 101 (base 2) to base 12.
5
What is 30 (base 4) in base 10?
12
What is -66 (base 7) in base 12?
-40
-1 (base 13) to base 3
-1
-1122 (base 3) to base 14
-32
What is 132 (base 11) in base 3?
12210
What is -1 (base 3) in base 16?
-1
What is 38 (base 11) in base 6?
105
12 (base 16) to base 13
15
What is 33 (base 5) in base 16?
12
What is a (base 12) in base 15?
a
Convert 10 (base 10) to base 7.
13
What is 44 (base 11) in base 3?
1210
-133 (base 4) to base 12
-27
What is -1 (base 10) in base 6?
-1
Convert 29 (base 13) to base 5.
120
What is -55 (base 14) in base 13?
-5a
What is -92 (base 10) in base 8?
-134
13 (base 8) to base 5
21
-1002 (base 4) to base 2
-1000010
What is 291 (base 10) in base 11?
245
-1 (base 15) to base 8
-1
-68 (base 14) to base 15
-62
100 (base 2) to base 5
4
What is 6 (base 14) in base 4?
12
What is -4 (base 9) in base 10?
-4
What is -37 (base 11) in base 6?
-104
Convert -2 (base 3) to base 4.
-2
Convert -5 (base 16) to base 7.
-5
5 (base 6) to base 5
10
Convert 2 (base 9) to base 2.
10
Convert -19 (base 10) to base 15.
-14
Convert 0 (base 8) to base 15.
0
What is -b (base 12) in base 3?
-102
Convert -3 (base 13) to base 10.
-3
Convert -11 (base 3) to base 5.
-4
What is 4 (base 5) in base 15?
4
Convert 21 (base 9) to base 15.
14
What is 16b (base 16) in base 9?
443
-2 (base 10) to base 5
-2
-c (base 16) to base 4
-30
What is 12 (base 3) in base 15?
5
What is 5 (base 7) in base 15?
5
What is 2 (base 7) in base 2?
10
2001 (base 3) to base 11
50
What is 4 (base 9) in base 16?
4
What is -34 (base 9) in base 3?
-1011
What is -4 (base 12) in base 6?
-4
What is 52 (base 8) in base 12?
36
What is 1013 (base 4) in base 16?
47
3 (base 9) to base 12
3
Convert 25 (base 10) to base 3.
221
12 (base 6) to base 14
8
Convert -10 (base 12) to base 15.
-c
Convert -1 (base 7) to base 12.
-1
-5 (base 15) to base 9
-5
What is -3d (base 16) in base 13?
-49
Convert -177 (base 10) to base 3.
-20120
Convert -1 (base 2) to base 12.
-1
3 (base 9) to base 13
3
-10000 (base 2) to base 13
-13
Convert -8 (base 13) to base 4.
-20
What is -2 (base 5) in base 3?
-2
9 (base 16) to base 9
10
1d (base 15) to base 12
24
What is -43 (base 12) in base 9?
-56
What is -3 (base 15) in base 7?
-3
Convert -1 (base 5) to base 3.
-1
What is 16 (base 12) in base 2?
10010
-13 (base 12) to base 6
-23
Convert 2a (base 13) to base 6.
100
0 (base 14) to base 16
0
Convert -10100 (base 2) to base 4.
-110
What is 61 (base 12) in base 8?
111
Convert 1a (base 12) to base 14.
18
Convert -1 (base 13) to base 12.
-1
Convert -84 (base 14) to base 12.
-98
Convert -23 (base 7) to base 13.
-14
Convert -16 (base 12) to base 11.
-17
What is -4 (base 5) in base 13?
-4
Convert 2a (base 11) to base 13.
26
50 (base 10) to base 7
101
-110 (base 2) to base 15
-6
What is 0 (base 16) in base 3?
0
-1 (base 9) to base 15
-1
What is 0 (base 15) in base 4?
0
3 (base 12) to base 16
3
19 (base 13) to base 8
26
What is -13 (base 12) in base 16?
-f
What is -199 (base 10) in base 16?
-c7
1 (base 15) to base 8
1
-35 (base 16) to base 3
-1222
-2 (base 12) to base 14
-2
2b (base 15) to base 5
131
1110110 (base 2) to base 3
11101
-5 (base 6) to base 7
-5
What is -2e (base 15) in base 13?
-35
3 (base 11) to base 4
3
What is -8 (base 10) in base 13?
-8
-1e (base 16) to base 9
-33
What is 102 (base 7) in base 5?
201
-2b (base 15) to base 12
-35
What is 5 (base 9) in base 10?
5
Convert -35 (base 13) to base 3.
-1122
What is 4 (base 7) in base 15?
4
Convert -13 (base 9) to base 6.
-20
What is -101 (base 3) in base 16?
-a
a (base 15) to base 3
101
Convert -1001 (base 2) to base 10.
-9
Convert 35 (base 6) to base 14.
19
What is 100 (base 2) in base 6?
4
100001 (base 2) to base 15
23
8 (base 16) to base 10
8
Convert -3 (base 9) to base 4.
-3
Convert 113 (base 4) to base 6.
35
3 (base 15) to base 11
3
What is 1102 (base 4) in base 3?
10001
What is 78 (base 10) in base 15?
53
Convert -c (base 13) to base 10.
-12
-338 (base 10) to base 7
-662
Convert 6 (base 13) to base 11.
6
Convert -40 (base 14) to base 8.
-70
What is -104 (base 5) in base 11?
-27
-100 (base 7) to base 12
-41
-a8 (base 11) to base 3
-11101
-107 (base 9) to base 10
-88
-1 (base 4) to base 2
-1
Convert -15 (base 16) to base 5.
-41
Convert 21 (base 4) to base 12.
9
What is -25 (base 13) in base 14?
-23
13 (base 7) to base 10
10
Convert -2 (base 9) to base 15.
-2
5 (base 14) to base 10
5
What is -3 (base 9) in base 11?
-3
-23 (base 5) to base 8
-15
What is -37 (base 16) in base 10?
-55
Convert -615 (base 7) to base 10.
-306
What is 131 (base 10) in base 16?
83
What is -3 (base 9) in base 2?
-11
Convert -3 (base 5) to base 9.
-3
-2112 (